{"id":586,"date":"2017-11-02T15:42:20","date_gmt":"2017-11-02T14:42:20","guid":{"rendered":"http:\/\/www.azf-assodessinistres.org\/site\/?page_id=586"},"modified":"2018-11-16T14:33:29","modified_gmt":"2018-11-16T13:33:29","slug":"moments-conviviaux","status":"publish","type":"page","link":"https:\/\/www.azf-assodessinistres.org\/?page_id=586","title":{"rendered":"Moments conviviaux"},"content":{"rendered":"<h3 style=\"text-align: center;\"><strong>\u00a0\u00a0 2018<\/strong><\/h3>\n<p>Comme chaque ann\u00e9e, depuis trois ans maintenant,\u00a0 afin de bien termin\u00e9 le premier semestre de l&rsquo;ann\u00e9e 2018,\u00a0\u00a0l&rsquo;Association \u00e0 convi\u00e9e ses adh\u00e9rentes et adh\u00e9rents\u00a0\u00e0 un pique-nique pour un moment tr\u00e8s convivial \u00e0 la base de La Ram\u00e9e sur la journ\u00e9e. Ce f\u00fbt une journ\u00e9e tr\u00e8s ensoleill\u00e9e, dans la joie et la bonne humeur.<\/p>\n<p>Et comme d&rsquo;habitude au menu\u00a0 : Merguez, chipolatas et grillades ainsi que toutes les agapes port\u00e9es par tous !<\/p>\n<p style=\"text-align: center;\"><em><img loading=\"lazy\" decoding=\"async\" class=\"alignnone size-medium wp-image-652 aligncenter\" src=\"http:\/\/www.azf-assodessinistres.org\/site\/wp-content\/uploads\/2018\/11\/IMG_20180703_154733-225x300.jpg\" alt=\"\" width=\"225\" height=\"300\" srcset=\"https:\/\/www.azf-assodessinistres.org\/wp-content\/uploads\/2018\/11\/IMG_20180703_154733-225x300.jpg 225w, https:\/\/www.azf-assodessinistres.org\/wp-content\/uploads\/2018\/11\/IMG_20180703_154733-768x1024.jpg 768w, https:\/\/www.azf-assodessinistres.org\/wp-content\/uploads\/2018\/11\/IMG_20180703_154733.jpg 900w\" sizes=\"auto, (max-width: 225px) 100vw, 225px\" \/><span style=\"color: #808080;\">Nous nous tenons \u00e0 l&rsquo;ombre<\/span><\/em><\/p>\n<p style=\"text-align: center;\"><img loading=\"lazy\" decoding=\"async\" class=\"alignnone size-medium wp-image-653\" src=\"http:\/\/www.azf-assodessinistres.org\/site\/wp-content\/uploads\/2018\/11\/IMG_20180703_154933-1-300x225.jpg\" alt=\"\" width=\"300\" height=\"225\" srcset=\"https:\/\/www.azf-assodessinistres.org\/wp-content\/uploads\/2018\/11\/IMG_20180703_154933-1-300x225.jpg 300w, https:\/\/www.azf-assodessinistres.org\/wp-content\/uploads\/2018\/11\/IMG_20180703_154933-1-768x576.jpg 768w, https:\/\/www.azf-assodessinistres.org\/wp-content\/uploads\/2018\/11\/IMG_20180703_154933-1-1024x768.jpg 1024w, https:\/\/www.azf-assodessinistres.org\/wp-content\/uploads\/2018\/11\/IMG_20180703_154933-1.jpg 1200w\" sizes=\"auto, (max-width: 300px) 100vw, 300px\" \/><em><br \/>\n<span style=\"color: #808080;\">Apr\u00e8s le repas<\/span><\/em><\/p>\n<p>&nbsp;<\/p>\n<p>&nbsp;<\/p>\n<p>&nbsp;<\/p>\n<p style=\"text-align: center;\"><strong>2017<\/strong><\/p>\n<p>Afin de bien termin\u00e9 le premier semestre de l&rsquo;ann\u00e9e 2017,\u00a0\u00a0l&rsquo;Association \u00e0 convi\u00e9e ses adh\u00e9rentes et adh\u00e9rents\u00a0\u00e0 un pique-nique pour un moment tr\u00e8s convivial \u00e0 la base de La Ram\u00e9e.<\/p>\n<p>Au menu : Merguez, chipolatas et grillades ainsi que toutes les agapes port\u00e9es par tous !<\/p>\n<figure id=\"attachment_577\" aria-describedby=\"caption-attachment-577\" style=\"width: 169px\" class=\"wp-caption alignnone\"><img loading=\"lazy\" decoding=\"async\" class=\"wp-image-577 size-medium\" src=\"http:\/\/www.azf-assodessinistres.org\/site\/wp-content\/uploads\/2017\/10\/20170706_144226-169x300.jpg\" alt=\"\" width=\"169\" height=\"300\" srcset=\"https:\/\/www.azf-assodessinistres.org\/wp-content\/uploads\/2017\/10\/20170706_144226-169x300.jpg 169w, https:\/\/www.azf-assodessinistres.org\/wp-content\/uploads\/2017\/10\/20170706_144226.jpg 450w\" sizes=\"auto, (max-width: 169px) 100vw, 169px\" \/><figcaption id=\"caption-attachment-577\" class=\"wp-caption-text\">Belle journ\u00e9e ensoleill\u00e9e pour notre pique-nique de juillet 2017<\/figcaption><\/figure>\n<figure id=\"attachment_584\" aria-describedby=\"caption-attachment-584\" style=\"width: 300px\" class=\"wp-caption alignright\"><img loading=\"lazy\" decoding=\"async\" class=\"wp-image-584 size-medium\" src=\"http:\/\/www.azf-assodessinistres.org\/site\/wp-content\/uploads\/2017\/10\/IMG_4115---Copie-(2)-300x203.jpg\" alt=\"\" width=\"300\" height=\"203\" srcset=\"https:\/\/www.azf-assodessinistres.org\/wp-content\/uploads\/2017\/10\/IMG_4115---Copie-(2)-300x203.jpg 300w, https:\/\/www.azf-assodessinistres.org\/wp-content\/uploads\/2017\/10\/IMG_4115---Copie-(2)-768x519.jpg 768w, https:\/\/www.azf-assodessinistres.org\/wp-content\/uploads\/2017\/10\/IMG_4115---Copie-(2).JPG 800w\" sizes=\"auto, (max-width: 300px) 100vw, 300px\" \/><figcaption id=\"caption-attachment-584\" class=\"wp-caption-text\">Pr\u00e9paration d&rsquo;un repas champ\u00eatre &#8211; juillet 2017<\/figcaption><\/figure>\n<figure id=\"attachment_583\" aria-describedby=\"caption-attachment-583\" style=\"width: 300px\" class=\"wp-caption alignnone\"><img loading=\"lazy\" decoding=\"async\" class=\"wp-image-583 size-medium\" src=\"http:\/\/www.azf-assodessinistres.org\/site\/wp-content\/uploads\/2017\/10\/IMG_4110-300x200.jpg\" alt=\"\" width=\"300\" height=\"200\" srcset=\"https:\/\/www.azf-assodessinistres.org\/wp-content\/uploads\/2017\/10\/IMG_4110-300x200.jpg 300w, https:\/\/www.azf-assodessinistres.org\/wp-content\/uploads\/2017\/10\/IMG_4110-768x512.jpg 768w, https:\/\/www.azf-assodessinistres.org\/wp-content\/uploads\/2017\/10\/IMG_4110.JPG 800w\" sizes=\"auto, (max-width: 300px) 100vw, 300px\" \/><figcaption id=\"caption-attachment-583\" class=\"wp-caption-text\">Sant\u00e9 \u00e0 tous !!<\/figcaption><\/figure>\n<figure id=\"attachment_576\" aria-describedby=\"caption-attachment-576\" style=\"width: 169px\" class=\"wp-caption alignright\"><img loading=\"lazy\" decoding=\"async\" class=\"wp-image-576 size-medium\" src=\"http:\/\/www.azf-assodessinistres.org\/site\/wp-content\/uploads\/2017\/10\/20170706_144145-169x300.jpg\" alt=\"\" width=\"169\" height=\"300\" srcset=\"https:\/\/www.azf-assodessinistres.org\/wp-content\/uploads\/2017\/10\/20170706_144145-169x300.jpg 169w, https:\/\/www.azf-assodessinistres.org\/wp-content\/uploads\/2017\/10\/20170706_144145.jpg 450w\" sizes=\"auto, (max-width: 169px) 100vw, 169px\" \/><figcaption id=\"caption-attachment-576\" class=\"wp-caption-text\">Tr\u00e8s attentifs et bien chapeaut\u00e9s !<\/figcaption><\/figure>\n<p>&nbsp;<\/p>\n<p>&nbsp;<\/p>\n<p>&nbsp;<\/p>\n","protected":false},"excerpt":{"rendered":"<p>\u00a0\u00a0 2018 Comme chaque ann\u00e9e, depuis trois ans maintenant,\u00a0 afin de bien termin\u00e9 le premier semestre de l&rsquo;ann\u00e9e 2018,\u00a0\u00a0l&rsquo;Association \u00e0 convi\u00e9e ses adh\u00e9rentes et adh\u00e9rents\u00a0\u00e0 un pique-nique pour un moment tr\u00e8s convivial \u00e0 la base de La Ram\u00e9e sur la journ\u00e9e. Ce f\u00fbt une journ\u00e9e tr\u00e8s ensoleill\u00e9e, dans la joie et la bonne humeur. Et &hellip; <\/p>\n<p class=\"link-more\"><a href=\"https:\/\/www.azf-assodessinistres.org\/?page_id=586\" class=\"more-link\">Continuer la lecture<span class=\"screen-reader-text\"> de &laquo;&nbsp;Moments conviviaux&nbsp;&raquo;<\/span><\/a><\/p>\n","protected":false},"author":1,"featured_media":0,"parent":0,"menu_order":0,"comment_status":"closed","ping_status":"closed","template":"","meta":{"footnotes":""},"class_list":["post-586","page","type-page","status-publish","hentry"],"_links":{"self":[{"href":"https:\/\/www.azf-assodessinistres.org\/index.php?rest_route=\/wp\/v2\/pages\/586","targetHints":{"allow":["GET"]}}],"collection":[{"href":"https:\/\/www.azf-assodessinistres.org\/index.php?rest_route=\/wp\/v2\/pages"}],"about":[{"href":"https:\/\/www.azf-assodessinistres.org\/index.php?rest_route=\/wp\/v2\/types\/page"}],"author":[{"embeddable":true,"href":"https:\/\/www.azf-assodessinistres.org\/index.php?rest_route=\/wp\/v2\/users\/1"}],"replies":[{"embeddable":true,"href":"https:\/\/www.azf-assodessinistres.org\/index.php?rest_route=%2Fwp%2Fv2%2Fcomments&post=586"}],"version-history":[{"count":14,"href":"https:\/\/www.azf-assodessinistres.org\/index.php?rest_route=\/wp\/v2\/pages\/586\/revisions"}],"predecessor-version":[{"id":655,"href":"https:\/\/www.azf-assodessinistres.org\/index.php?rest_route=\/wp\/v2\/pages\/586\/revisions\/655"}],"wp:attachment":[{"href":"https:\/\/www.azf-assodessinistres.org\/index.php?rest_route=%2Fwp%2Fv2%2Fmedia&parent=586"}],"curies":[{"name":"wp","href":"https:\/\/api.w.org\/{rel}","templated":true}]}}

<h3 style="text-align: center;"><strong>   2018</strong></h3>
<p>Comme chaque année, depuis trois ans maintenant,  afin de bien terminé le premier semestre de l&rsquo;année 2018,  l&rsquo;Association à conviée ses adhérentes et adhérents à un pique-nique pour un moment très convivial à la base de La Ramée sur la journée. Ce fût une journée très ensoleillée, dans la joie et la bonne humeur.</p>
<p>Et comme d&rsquo;habitude au menu  : Merguez, chipolatas et grillades ainsi que toutes les agapes portées par tous !</p>
<p style="text-align: center;"><em><img loading="lazy" decoding="async" class="alignnone size-medium wp-image-652 aligncenter" src="http://www.azf-assodessinistres.org/site/wp-content/uploads/2018/11/IMG_20180703_154733-225x300.jpg" alt="" width="225" height="300" srcset="https://www.azf-assodessinistres.org/wp-content/uploads/2018/11/IMG_20180703_154733-225x300.jpg 225w, https://www.azf-assodessinistres.org/wp-content/uploads/2018/11/IMG_20180703_154733-768x1024.jpg 768w, https://www.azf-assodessinistres.org/wp-content/uploads/2018/11/IMG_20180703_154733.jpg 900w" sizes="auto, (max-width: 225px) 100vw, 225px" /><span style="color: #808080;">Nous nous tenons à l&rsquo;ombre</span></em></p>
<p style="text-align: center;"><img loading="lazy" decoding="async" class="alignnone size-medium wp-image-653" src="http://www.azf-assodessinistres.org/site/wp-content/uploads/2018/11/IMG_20180703_154933-1-300x225.jpg" alt="" width="300" height="225" srcset="https://www.azf-assodessinistres.org/wp-content/uploads/2018/11/IMG_20180703_154933-1-300x225.jpg 300w, https://www.azf-assodessinistres.org/wp-content/uploads/2018/11/IMG_20180703_154933-1-768x576.jpg 768w, https://www.azf-assodessinistres.org/wp-content/uploads/2018/11/IMG_20180703_154933-1-1024x768.jpg 1024w, https://www.azf-assodessinistres.org/wp-content/uploads/2018/11/IMG_20180703_154933-1.jpg 1200w" sizes="auto, (max-width: 300px) 100vw, 300px" /><em><br />
<span style="color: #808080;">Après le repas</span></em></p>
<p>&nbsp;</p>
<p>&nbsp;</p>
<p>&nbsp;</p>
<p style="text-align: center;"><strong>2017</strong></p>
<p>Afin de bien terminé le premier semestre de l&rsquo;année 2017,  l&rsquo;Association à conviée ses adhérentes et adhérents à un pique-nique pour un moment très convivial à la base de La Ramée.</p>
<p>Au menu : Merguez, chipolatas et grillades ainsi que toutes les agapes portées par tous !</p>
<figure id="attachment_577" aria-describedby="caption-attachment-577" style="width: 169px" class="wp-caption alignnone"><img loading="lazy" decoding="async" class="wp-image-577 size-medium" src="http://www.azf-assodessinistres.org/site/wp-content/uploads/2017/10/20170706_144226-169x300.jpg" alt="" width="169" height="300" srcset="https://www.azf-assodessinistres.org/wp-content/uploads/2017/10/20170706_144226-169x300.jpg 169w, https://www.azf-assodessinistres.org/wp-content/uploads/2017/10/20170706_144226.jpg 450w" sizes="auto, (max-width: 169px) 100vw, 169px" /><figcaption id="caption-attachment-577" class="wp-caption-text">Belle journée ensoleillée pour notre pique-nique de juillet 2017</figcaption></figure>
<figure id="attachment_584" aria-describedby="caption-attachment-584" style="width: 300px" class="wp-caption alignright"><img loading="lazy" decoding="async" class="wp-image-584 size-medium" src="http://www.azf-assodessinistres.org/site/wp-content/uploads/2017/10/IMG_4115---Copie-(2)-300x203.jpg" alt="" width="300" height="203" srcset="https://www.azf-assodessinistres.org/wp-content/uploads/2017/10/IMG_4115---Copie-(2)-300x203.jpg 300w, https://www.azf-assodessinistres.org/wp-content/uploads/2017/10/IMG_4115---Copie-(2)-768x519.jpg 768w, https://www.azf-assodessinistres.org/wp-content/uploads/2017/10/IMG_4115---Copie-(2).JPG 800w" sizes="auto, (max-width: 300px) 100vw, 300px" /><figcaption id="caption-attachment-584" class="wp-caption-text">Préparation d&rsquo;un repas champêtre &#8211; juillet 2017</figcaption></figure>
<figure id="attachment_583" aria-describedby="caption-attachment-583" style="width: 300px" class="wp-caption alignnone"><img loading="lazy" decoding="async" class="wp-image-583 size-medium" src="http://www.azf-assodessinistres.org/site/wp-content/uploads/2017/10/IMG_4110-300x200.jpg" alt="" width="300" height="200" srcset="https://www.azf-assodessinistres.org/wp-content/uploads/2017/10/IMG_4110-300x200.jpg 300w, https://www.azf-assodessinistres.org/wp-content/uploads/2017/10/IMG_4110-768x512.jpg 768w, https://www.azf-assodessinistres.org/wp-content/uploads/2017/10/IMG_4110.JPG 800w" sizes="auto, (max-width: 300px) 100vw, 300px" /><figcaption id="caption-attachment-583" class="wp-caption-text">Santé à tous !!</figcaption></figure>
<figure id="attachment_576" aria-describedby="caption-attachment-576" style="width: 169px" class="wp-caption alignright"><img loading="lazy" decoding="async" class="wp-image-576 size-medium" src="http://www.azf-assodessinistres.org/site/wp-content/uploads/2017/10/20170706_144145-169x300.jpg" alt="" width="169" height="300" srcset="https://www.azf-assodessinistres.org/wp-content/uploads/2017/10/20170706_144145-169x300.jpg 169w, https://www.azf-assodessinistres.org/wp-content/uploads/2017/10/20170706_144145.jpg 450w" sizes="auto, (max-width: 169px) 100vw, 169px" /><figcaption id="caption-attachment-576" class="wp-caption-text">Très attentifs et bien chapeautés !</figcaption></figure>
<p>&nbsp;</p>
<p>&nbsp;</p>
<p>&nbsp;</p>

<p>   2018 Comme chaque année, depuis trois ans maintenant,  afin de bien terminé le premier semestre de l&rsquo;année 2018,  l&rsquo;Association à conviée ses adhérentes et adhérents à un pique-nique pour un moment très convivial à la base de La Ramée sur la journée. Ce fût une journée très ensoleillée, dans la joie et la bonne humeur. Et &hellip; </p>
<p class="link-more"><a href="https://www.azf-assodessinistres.org/?page_id=586" class="more-link">Continuer la lecture<span class="screen-reader-text"> de &laquo;&nbsp;Moments conviviaux&nbsp;&raquo;</span></a></p>
