{"id":472,"date":"2017-06-18T20:16:01","date_gmt":"2017-06-18T18:16:01","guid":{"rendered":"http:\/\/www.azf-assodessinistres.org\/site\/?page_id=472"},"modified":"2019-09-25T14:23:21","modified_gmt":"2019-09-25T12:23:21","slug":"commemorations","status":"publish","type":"page","link":"https:\/\/www.azf-assodessinistres.org\/?page_id=472","title":{"rendered":"Comm\u00e9morations"},"content":{"rendered":"<p>&nbsp;<\/p>\n<h2><span style=\"color: #ff00ff;\">Notre rassemblement du 21 septembre 2019 :<\/span><\/h2>\n<p><img loading=\"lazy\" decoding=\"async\" class=\"size-medium wp-image-671 alignleft\" src=\"http:\/\/www.azf-assodessinistres.org\/site\/wp-content\/uploads\/2019\/09\/IMG_4625-300x169.jpg\" alt=\"\" width=\"300\" height=\"169\" srcset=\"https:\/\/www.azf-assodessinistres.org\/wp-content\/uploads\/2019\/09\/IMG_4625-300x169.jpg 300w, https:\/\/www.azf-assodessinistres.org\/wp-content\/uploads\/2019\/09\/IMG_4625-768x432.jpg 768w, https:\/\/www.azf-assodessinistres.org\/wp-content\/uploads\/2019\/09\/IMG_4625.JPG 800w\" sizes=\"auto, (max-width: 300px) 100vw, 300px\" \/><\/p>\n<p>&nbsp;<\/p>\n<p>Toujours l\u00e0 18 ans apr\u00e8s, on se met en place&#8230;.<\/p>\n<p>&nbsp;<\/p>\n<p>&nbsp;<\/p>\n<p><img loading=\"lazy\" decoding=\"async\" class=\" wp-image-672 alignright\" src=\"http:\/\/www.azf-assodessinistres.org\/site\/wp-content\/uploads\/2019\/09\/IMG_4631-300x169.jpg\" alt=\"\" width=\"288\" height=\"162\" srcset=\"https:\/\/www.azf-assodessinistres.org\/wp-content\/uploads\/2019\/09\/IMG_4631-300x169.jpg 300w, https:\/\/www.azf-assodessinistres.org\/wp-content\/uploads\/2019\/09\/IMG_4631-768x432.jpg 768w, https:\/\/www.azf-assodessinistres.org\/wp-content\/uploads\/2019\/09\/IMG_4631.JPG 800w\" sizes=\"auto, (max-width: 288px) 100vw, 288px\" \/><\/p>\n<p>&nbsp;<\/p>\n<p style=\"text-align: right;\">Tous ensembles avec les tee shirts<\/p>\n<p>&nbsp;<\/p>\n<p>&nbsp;<\/p>\n<p>&nbsp;<\/p>\n<p style=\"text-align: center;\"><img loading=\"lazy\" decoding=\"async\" class=\"size-medium wp-image-673 aligncenter\" src=\"http:\/\/www.azf-assodessinistres.org\/site\/wp-content\/uploads\/2019\/09\/IMG_4635-300x169.jpg\" alt=\"\" width=\"300\" height=\"169\" srcset=\"https:\/\/www.azf-assodessinistres.org\/wp-content\/uploads\/2019\/09\/IMG_4635-300x169.jpg 300w, https:\/\/www.azf-assodessinistres.org\/wp-content\/uploads\/2019\/09\/IMG_4635-768x432.jpg 768w, https:\/\/www.azf-assodessinistres.org\/wp-content\/uploads\/2019\/09\/IMG_4635.JPG 800w\" sizes=\"auto, (max-width: 300px) 100vw, 300px\" \/>Tous tr\u00e8s attentifs \u00e0 l&rsquo;\u00e9coute du discours pour cette comm\u00e9moration<\/p>\n<p><img loading=\"lazy\" decoding=\"async\" class=\"size-medium wp-image-674 alignright\" src=\"http:\/\/www.azf-assodessinistres.org\/site\/wp-content\/uploads\/2019\/09\/IMG_4636-300x169.jpg\" alt=\"\" width=\"300\" height=\"169\" srcset=\"https:\/\/www.azf-assodessinistres.org\/wp-content\/uploads\/2019\/09\/IMG_4636-300x169.jpg 300w, https:\/\/www.azf-assodessinistres.org\/wp-content\/uploads\/2019\/09\/IMG_4636-768x432.jpg 768w, https:\/\/www.azf-assodessinistres.org\/wp-content\/uploads\/2019\/09\/IMG_4636.JPG 800w\" sizes=\"auto, (max-width: 300px) 100vw, 300px\" \/><\/p>\n<p>&nbsp;<\/p>\n<p style=\"text-align: right;\">Lecture du discours<\/p>\n<p>&nbsp;<\/p>\n<p>&nbsp;<\/p>\n<p><a href=\"http:\/\/www.azf-assodessinistres.org\/site\/wp-content\/uploads\/2019\/09\/discours-comm\u00e9moration-du-21-septembre-2019-.docx\">discours comm\u00e9moration du 21 septembre 2019-<\/a><\/p>\n<hr \/>\n<h2><strong>Notre rassemblement du 21 septembre 2018 :<\/strong><\/h2>\n<p><img loading=\"lazy\" decoding=\"async\" class=\"wp-image-628 size-thumbnail alignleft\" src=\"http:\/\/www.azf-assodessinistres.org\/site\/wp-content\/uploads\/2017\/11\/IMG_4303-150x150.jpg\" alt=\"\" width=\"150\" height=\"150\" srcset=\"https:\/\/www.azf-assodessinistres.org\/wp-content\/uploads\/2017\/11\/IMG_4303-150x150.jpg 150w, https:\/\/www.azf-assodessinistres.org\/wp-content\/uploads\/2017\/11\/IMG_4303-100x100.jpg 100w\" sizes=\"auto, (max-width: 150px) 100vw, 150px\" \/><br \/>\nTous avec nos tee shirts<\/p>\n<figure id=\"attachment_627\" aria-describedby=\"caption-attachment-627\" style=\"width: 150px\" class=\"wp-caption aligncenter\"><img loading=\"lazy\" decoding=\"async\" class=\"wp-image-627 size-thumbnail\" src=\"http:\/\/www.azf-assodessinistres.org\/site\/wp-content\/uploads\/2017\/11\/IMG_4304-1-150x150.jpg\" alt=\"\" width=\"150\" height=\"150\" srcset=\"https:\/\/www.azf-assodessinistres.org\/wp-content\/uploads\/2017\/11\/IMG_4304-1-150x150.jpg 150w, https:\/\/www.azf-assodessinistres.org\/wp-content\/uploads\/2017\/11\/IMG_4304-1-100x100.jpg 100w\" sizes=\"auto, (max-width: 150px) 100vw, 150px\" \/><figcaption id=\"caption-attachment-627\" class=\"wp-caption-text\">Installation des banderoles<\/figcaption><\/figure>\n<figure id=\"attachment_623\" aria-describedby=\"caption-attachment-623\" style=\"width: 150px\" class=\"wp-caption alignright\"><img loading=\"lazy\" decoding=\"async\" class=\"wp-image-623 size-thumbnail\" src=\"http:\/\/www.azf-assodessinistres.org\/site\/wp-content\/uploads\/2017\/11\/IMG_4328-150x150.jpg\" alt=\"\" width=\"150\" height=\"150\" srcset=\"https:\/\/www.azf-assodessinistres.org\/wp-content\/uploads\/2017\/11\/IMG_4328-150x150.jpg 150w, https:\/\/www.azf-assodessinistres.org\/wp-content\/uploads\/2017\/11\/IMG_4328-100x100.jpg 100w\" sizes=\"auto, (max-width: 150px) 100vw, 150px\" \/><figcaption id=\"caption-attachment-623\" class=\"wp-caption-text\">Lecture du discours<\/figcaption><\/figure>\n<h3>\u00a0<a href=\"http:\/\/www.azf-assodessinistres.org\/site\/wp-content\/uploads\/2017\/06\/discours-comm\u00e9moration-du-21-septembre-2018-.docx\">discours comm\u00e9moration du 21 septembre 2018-<\/a><\/h3>\n<p>&nbsp;<\/p>\n<p>&nbsp;<\/p>\n<p>&nbsp;<\/p>\n<hr \/>\n<h2>Notre rassemblement du 21 septembre 2017 :<\/h2>\n<p>&nbsp;<\/p>\n<figure id=\"attachment_582\" aria-describedby=\"caption-attachment-582\" style=\"width: 278px\" class=\"wp-caption alignleft\"><img loading=\"lazy\" decoding=\"async\" class=\"wp-image-582\" src=\"http:\/\/www.azf-assodessinistres.org\/site\/wp-content\/uploads\/2017\/10\/IMG_4155-300x200.jpg\" alt=\"\" width=\"278\" height=\"185\" srcset=\"https:\/\/www.azf-assodessinistres.org\/wp-content\/uploads\/2017\/10\/IMG_4155-300x200.jpg 300w, https:\/\/www.azf-assodessinistres.org\/wp-content\/uploads\/2017\/10\/IMG_4155-768x512.jpg 768w, https:\/\/www.azf-assodessinistres.org\/wp-content\/uploads\/2017\/10\/IMG_4155.jpg 800w\" sizes=\"auto, (max-width: 278px) 100vw, 278px\" \/><figcaption id=\"caption-attachment-582\" class=\"wp-caption-text\">Recueillement du 21 septembre 2017.<\/figcaption><\/figure>\n<figure id=\"attachment_579\" aria-describedby=\"caption-attachment-579\" style=\"width: 260px\" class=\"wp-caption aligncenter\"><img loading=\"lazy\" decoding=\"async\" class=\"wp-image-579\" src=\"http:\/\/www.azf-assodessinistres.org\/site\/wp-content\/uploads\/2017\/10\/IMG_4137-300x200.jpg\" alt=\"\" width=\"260\" height=\"173\" srcset=\"https:\/\/www.azf-assodessinistres.org\/wp-content\/uploads\/2017\/10\/IMG_4137-300x200.jpg 300w, https:\/\/www.azf-assodessinistres.org\/wp-content\/uploads\/2017\/10\/IMG_4137-768x512.jpg 768w, https:\/\/www.azf-assodessinistres.org\/wp-content\/uploads\/2017\/10\/IMG_4137.jpg 800w\" sizes=\"auto, (max-width: 260px) 100vw, 260px\" \/><figcaption id=\"caption-attachment-579\" class=\"wp-caption-text\">Les banderoles parlent d&rsquo;elles-m\u00eames !<\/figcaption><\/figure>\n<figure id=\"attachment_581\" aria-describedby=\"caption-attachment-581\" style=\"width: 300px\" class=\"wp-caption alignright\"><img loading=\"lazy\" decoding=\"async\" class=\"wp-image-581 size-medium\" src=\"http:\/\/www.azf-assodessinistres.org\/site\/wp-content\/uploads\/2017\/10\/IMG_4146-300x200.jpg\" alt=\"\" width=\"300\" height=\"200\" srcset=\"https:\/\/www.azf-assodessinistres.org\/wp-content\/uploads\/2017\/10\/IMG_4146-300x200.jpg 300w, https:\/\/www.azf-assodessinistres.org\/wp-content\/uploads\/2017\/10\/IMG_4146-768x512.jpg 768w, https:\/\/www.azf-assodessinistres.org\/wp-content\/uploads\/2017\/10\/IMG_4146.jpg 800w\" sizes=\"auto, (max-width: 300px) 100vw, 300px\" \/><figcaption id=\"caption-attachment-581\" class=\"wp-caption-text\">Tous tr\u00e8s attentifs !<\/figcaption><\/figure>\n<figure id=\"attachment_580\" aria-describedby=\"caption-attachment-580\" style=\"width: 300px\" class=\"wp-caption aligncenter\"><img loading=\"lazy\" decoding=\"async\" class=\"wp-image-580 size-medium\" src=\"http:\/\/www.azf-assodessinistres.org\/site\/wp-content\/uploads\/2017\/10\/IMG_4139-300x200.jpg\" alt=\"\" width=\"300\" height=\"200\" srcset=\"https:\/\/www.azf-assodessinistres.org\/wp-content\/uploads\/2017\/10\/IMG_4139-300x200.jpg 300w, https:\/\/www.azf-assodessinistres.org\/wp-content\/uploads\/2017\/10\/IMG_4139-768x512.jpg 768w, https:\/\/www.azf-assodessinistres.org\/wp-content\/uploads\/2017\/10\/IMG_4139.jpg 800w\" sizes=\"auto, (max-width: 300px) 100vw, 300px\" \/><figcaption id=\"caption-attachment-580\" class=\"wp-caption-text\">Moments d&rsquo;\u00e9motions mais nous gardons toujours le sourire.<\/figcaption><\/figure>\n<figure id=\"attachment_578\" aria-describedby=\"caption-attachment-578\" style=\"width: 300px\" class=\"wp-caption alignleft\"><img loading=\"lazy\" decoding=\"async\" class=\"wp-image-578 size-medium\" src=\"http:\/\/www.azf-assodessinistres.org\/site\/wp-content\/uploads\/2017\/10\/IMG_4133-300x200.jpg\" alt=\"\" width=\"300\" height=\"200\" srcset=\"https:\/\/www.azf-assodessinistres.org\/wp-content\/uploads\/2017\/10\/IMG_4133-300x200.jpg 300w, https:\/\/www.azf-assodessinistres.org\/wp-content\/uploads\/2017\/10\/IMG_4133-768x512.jpg 768w, https:\/\/www.azf-assodessinistres.org\/wp-content\/uploads\/2017\/10\/IMG_4133.jpg 800w\" sizes=\"auto, (max-width: 300px) 100vw, 300px\" \/><figcaption id=\"caption-attachment-578\" class=\"wp-caption-text\">Tous unis avec nos tee shirts.<\/figcaption><\/figure>\n<p>&nbsp;<\/p>\n<p>&nbsp;<\/p>\n<p>&nbsp;<\/p>\n<p>&nbsp;<\/p>\n<p><strong>Comm\u00e9moration du 21 septembre 2017<\/strong><\/p>\n<p style=\"padding-left: 30px;\"><a href=\"http:\/\/www.azf-assodessinistres.org\/site\/wp-content\/uploads\/2017\/06\/communiqu\u00e9-de-presse-pour-le-21-septembre-PM.doc\">Communiqu\u00e9 de presse pour le 21 septembre PM<\/a><\/p>\n<p style=\"padding-left: 30px;\"><a href=\"http:\/\/www.azf-assodessinistres.org\/site\/wp-content\/uploads\/2017\/06\/COMMUNIQUE-DE-PRESSE-pour-la-salle.docx\">Communiqu\u00e9 de presse pour la salle<\/a><\/p>\n<p><strong>Interview de Pauline Miranda<\/strong><\/p>\n<p style=\"padding-left: 30px;\"><a href=\"http:\/\/www.francebleu.fr\/infos\/societe\/seize-ans-d-azf-a-toulouse-les-victimes-veulent-une-retransmission-video-du-verdict-du-dernier-1505975275\">http:\/\/www.francebleu.fr\/infos\/societe\/seize-ans-d-azf-a-toulouse-les-victimes-veulent-une-retransmission-video-du-verdict-du-dernier-1505975275<\/a><\/p>\n<p><strong>Journal France 3 r\u00e9gion Midi Pyr\u00e9n\u00e9es<\/strong><\/p>\n<p style=\"padding-left: 30px;\"><a href=\"http:\/\/france3-regions.francetvinfo.fr\/occitanie\/haute-garonne\/toulouse\/16-ans-apres-toulouse-s-est-souvenu-explosion-azf-1332139.html\">http:\/\/france3-regions.francetvinfo.fr\/occitanie\/haute-garonne\/toulouse\/16-ans-apres-toulouse-s-est-souvenu-explosion-azf-1332139.html<\/a><\/p>\n<p><strong>Discours de Pauline Miranda<\/strong><\/p>\n<p style=\"padding-left: 30px;\"><a href=\"http:\/\/www.azf-assodessinistres.org\/site\/wp-content\/uploads\/2017\/06\/discours-comm\u00e9moration-du-21-septembre-2017.docx\">Discours comm\u00e9moration du 21 septembre 2017<\/a><\/p>\n<p>&nbsp;<\/p>\n<p>&nbsp;<\/p>\n<hr \/>\n<h2><strong>Notre rassemblement du 21 septembre\u00a0 2016 <\/strong>:<\/h2>\n<p>Chaque ann\u00e9e, depuis le 21 septembre 2001, nous nous r\u00e9unissons \u00e0 10 heures pr\u00e9cises pour notre comm\u00e9moration, \u00e0 10 h 17,\u00a0au rond point du 21 septembre 2001 afin de rendre hommage \u00e0 toutes les victimes de cette catastrophe.<\/p>\n<figure id=\"attachment_473\" aria-describedby=\"caption-attachment-473\" style=\"width: 300px\" class=\"wp-caption alignnone\"><img loading=\"lazy\" decoding=\"async\" class=\"wp-image-473 size-medium\" src=\"http:\/\/www.azf-assodessinistres.org\/site\/wp-content\/uploads\/2017\/06\/14368874_605301942973109_4540094361706221851_n-300x199.jpg\" alt=\"\" width=\"300\" height=\"199\" srcset=\"https:\/\/www.azf-assodessinistres.org\/wp-content\/uploads\/2017\/06\/14368874_605301942973109_4540094361706221851_n-300x199.jpg 300w, https:\/\/www.azf-assodessinistres.org\/wp-content\/uploads\/2017\/06\/14368874_605301942973109_4540094361706221851_n-768x510.jpg 768w, https:\/\/www.azf-assodessinistres.org\/wp-content\/uploads\/2017\/06\/14368874_605301942973109_4540094361706221851_n.jpg 960w\" sizes=\"auto, (max-width: 300px) 100vw, 300px\" \/><figcaption id=\"caption-attachment-473\" class=\"wp-caption-text\">Silence et recueillement.<\/figcaption><\/figure>\n<figure id=\"attachment_474\" aria-describedby=\"caption-attachment-474\" style=\"width: 300px\" class=\"wp-caption alignright\"><img loading=\"lazy\" decoding=\"async\" class=\"wp-image-474 size-medium\" src=\"http:\/\/www.azf-assodessinistres.org\/site\/wp-content\/uploads\/2017\/06\/14354953_605302186306418_4216905952902294444_n-300x199.jpg\" alt=\"\" width=\"300\" height=\"199\" srcset=\"https:\/\/www.azf-assodessinistres.org\/wp-content\/uploads\/2017\/06\/14354953_605302186306418_4216905952902294444_n-300x199.jpg 300w, https:\/\/www.azf-assodessinistres.org\/wp-content\/uploads\/2017\/06\/14354953_605302186306418_4216905952902294444_n-768x510.jpg 768w, https:\/\/www.azf-assodessinistres.org\/wp-content\/uploads\/2017\/06\/14354953_605302186306418_4216905952902294444_n.jpg 960w\" sizes=\"auto, (max-width: 300px) 100vw, 300px\" \/><figcaption id=\"caption-attachment-474\" class=\"wp-caption-text\">Nous n&rsquo;oublierons pas !!<\/figcaption><\/figure>\n<p>&nbsp;<\/p>\n<p>&nbsp;<\/p>\n<p>&nbsp;<\/p>\n<p>&nbsp;<\/p>\n<p>&nbsp;<\/p>\n<p>&nbsp;<\/p>\n<figure id=\"attachment_481\" aria-describedby=\"caption-attachment-481\" style=\"width: 300px\" class=\"wp-caption alignright\"><img loading=\"lazy\" decoding=\"async\" class=\"wp-image-481 size-medium\" src=\"http:\/\/www.azf-assodessinistres.org\/site\/wp-content\/uploads\/2017\/06\/21 septembre 2-300x225.jpg\" alt=\"\" width=\"300\" height=\"225\" srcset=\"https:\/\/www.azf-assodessinistres.org\/wp-content\/uploads\/2017\/06\/21%20septembre%202-300x225.jpg 300w, https:\/\/www.azf-assodessinistres.org\/wp-content\/uploads\/2017\/06\/21%20septembre%202-768x576.jpg 768w, https:\/\/www.azf-assodessinistres.org\/wp-content\/uploads\/2017\/06\/21%20septembre%202.jpg 960w\" sizes=\"auto, (max-width: 300px) 100vw, 300px\" \/><figcaption id=\"caption-attachment-481\" class=\"wp-caption-text\">Un rond point de souvenirs.<\/figcaption><\/figure>\n<p>&nbsp;<\/p>\n<p>&nbsp;<\/p>\n<p>&nbsp;<\/p>\n<p>&nbsp;<\/p>\n<p>&nbsp;<\/p>\n<figure id=\"attachment_480\" aria-describedby=\"caption-attachment-480\" style=\"width: 300px\" class=\"wp-caption alignnone\"><img loading=\"lazy\" decoding=\"async\" class=\"wp-image-480 size-medium\" src=\"http:\/\/www.azf-assodessinistres.org\/site\/wp-content\/uploads\/2017\/06\/21-septembre-1-300x225.jpg\" alt=\"\" width=\"300\" height=\"225\" srcset=\"https:\/\/www.azf-assodessinistres.org\/wp-content\/uploads\/2017\/06\/21-septembre-1-300x225.jpg 300w, https:\/\/www.azf-assodessinistres.org\/wp-content\/uploads\/2017\/06\/21-septembre-1-768x576.jpg 768w, https:\/\/www.azf-assodessinistres.org\/wp-content\/uploads\/2017\/06\/21-septembre-1.jpg 960w\" sizes=\"auto, (max-width: 300px) 100vw, 300px\" \/><figcaption id=\"caption-attachment-480\" class=\"wp-caption-text\">Notre triste histoire.<\/figcaption><\/figure>\n<p>&nbsp;<\/p>\n<p style=\"text-align: center;\">Pour 2017, soyez nombreux \u00e0 nous rejoindre au rond point pour cette comm\u00e9moration.<\/p>\n<p style=\"text-align: center;\"><strong>Tous ensemble continuons\u00a0 !!<\/strong><\/p>\n<p style=\"text-align: center;\">\n","protected":false},"excerpt":{"rendered":"<p>&nbsp; Notre rassemblement du 21 septembre 2019 : &nbsp; Toujours l\u00e0 18 ans apr\u00e8s, on se met en place&#8230;. &nbsp; &nbsp; &nbsp; Tous ensembles avec les tee shirts &nbsp; &nbsp; &nbsp; Tous tr\u00e8s attentifs \u00e0 l&rsquo;\u00e9coute du discours pour cette comm\u00e9moration &nbsp; Lecture du discours &nbsp; &nbsp; discours comm\u00e9moration du 21 septembre 2019- Notre rassemblement &hellip; <\/p>\n<p class=\"link-more\"><a href=\"https:\/\/www.azf-assodessinistres.org\/?page_id=472\" class=\"more-link\">Continuer la lecture<span class=\"screen-reader-text\"> de &laquo;&nbsp;Comm\u00e9morations&nbsp;&raquo;<\/span><\/a><\/p>\n","protected":false},"author":1,"featured_media":0,"parent":0,"menu_order":0,"comment_status":"closed","ping_status":"closed","template":"","meta":{"footnotes":""},"class_list":["post-472","page","type-page","status-publish","hentry"],"_links":{"self":[{"href":"https:\/\/www.azf-assodessinistres.org\/index.php?rest_route=\/wp\/v2\/pages\/472","targetHints":{"allow":["GET"]}}],"collection":[{"href":"https:\/\/www.azf-assodessinistres.org\/index.php?rest_route=\/wp\/v2\/pages"}],"about":[{"href":"https:\/\/www.azf-assodessinistres.org\/index.php?rest_route=\/wp\/v2\/types\/page"}],"author":[{"embeddable":true,"href":"https:\/\/www.azf-assodessinistres.org\/index.php?rest_route=\/wp\/v2\/users\/1"}],"replies":[{"embeddable":true,"href":"https:\/\/www.azf-assodessinistres.org\/index.php?rest_route=%2Fwp%2Fv2%2Fcomments&post=472"}],"version-history":[{"count":37,"href":"https:\/\/www.azf-assodessinistres.org\/index.php?rest_route=\/wp\/v2\/pages\/472\/revisions"}],"predecessor-version":[{"id":682,"href":"https:\/\/www.azf-assodessinistres.org\/index.php?rest_route=\/wp\/v2\/pages\/472\/revisions\/682"}],"wp:attachment":[{"href":"https:\/\/www.azf-assodessinistres.org\/index.php?rest_route=%2Fwp%2Fv2%2Fmedia&parent=472"}],"curies":[{"name":"wp","href":"https:\/\/api.w.org\/{rel}","templated":true}]}}