{"id":131,"date":"2017-06-13T16:11:16","date_gmt":"2017-06-13T14:11:16","guid":{"rendered":"http:\/\/www.azf-assodessinistres.org\/site\/?page_id=131"},"modified":"2017-11-02T20:29:16","modified_gmt":"2017-11-02T19:29:16","slug":"temoignages","status":"publish","type":"page","link":"https:\/\/www.azf-assodessinistres.org\/?page_id=131","title":{"rendered":"T\u00e9moignages"},"content":{"rendered":"<h1 style=\"text-align: center;\"><strong>Un avant et un apr\u00e8s AZF<\/strong><\/h1>\n<p>AZF, 16 ans apr\u00e8s : la m\u00e9moire intacte<\/p>\n<p>Le 21 septembre 2001, l&rsquo;explosion de l&rsquo;usine AZF traumatisait toute une ville. seize ann\u00e9es ont pass\u00e9,\u00a0trois proc\u00e8s\u00a0 et au-del\u00e0 du choc se pose la question de la m\u00e9moire, des souvenirs.<\/p>\n<h2><strong>\u00ab\u00a0Vivre avec\u00a0\u00bb : 16 ann\u00e9es de souffrance pour certaines victimes<\/strong><\/h2>\n<p>16 ans. A l&rsquo;\u00e9chelle d&rsquo;une vie c&rsquo;est d\u00e9j\u00e0 beaucoup. Au regard des souffrances, physiques ou psychiques que certains endurent au quotidien, c&rsquo;est une \u00e9ternit\u00e9. <strong>Il y a \u00e9videmment les bless\u00e9s physiques.<\/strong> Mais il y a aussi<strong> des blessures plus invisibles<\/strong>. La perte d&rsquo;un proche. Des insomnies. la perte de l&rsquo;audition,\u00a0des acouph\u00e8nes. Sursauter quand une porte claque ou au moindre p\u00e9tard.<\/p>\n<p>Quelques t\u00e9moignages :<\/p>\n<p><strong>Liliane<\/strong>, toujours install\u00e9e dans son appartement du quartier de la Faourette, face \u00e0 l&rsquo;ancien site de l&rsquo;usine, qui r\u00eave de la quitter pour tourner la page.<\/p>\n<p>Apr\u00e8s 44 ans pass\u00e9s dans son appartement du quartier . Le 21 septembre 2001, son logement a \u00e9t\u00e9 d\u00e9vast\u00e9 par le souffle de l&rsquo;explosion. Elle et son fils ont \u00e9t\u00e9 bless\u00e9s aux oreilles. M\u00eame apr\u00e8s les travaux, Liliane n&rsquo;a plus jamais pu vivre normalement ici. \u00ab\u00a0Je suis revenue ici deux jours apr\u00e8s l&rsquo;explosion. J&rsquo;avais l&rsquo;impression que l&rsquo;immeuble \u00e9tait de travers. Je me tenais partout pour pouvoir marcher et monter les escaliers\u00a0\u00bb, se souvient-elle. Une peur s&#8217;empare alors de la sinistr\u00e9e. \u00ab\u00a0J&rsquo;avais l&rsquo;impression que l&rsquo;immeuble allait s&rsquo;effondrer\u00a0\u00bb, explique Liliane.<\/p>\n<p><strong>Catherine<\/strong>, ancienne auxiliaire de vie<\/p>\n<p>\u00ab\u00a0Je me suis retrouv\u00e9e par terre, avec du sang partout, c&rsquo;\u00e9tait le sang de la personne \u00e0 c\u00f4t\u00e9 de moi, que je ne connaissais pas. Du sang d&rsquo;une autre personne, \u00e7a reste.\u00a0\u00bb<\/p>\n<p><strong>Patricia,\u00a0 <\/strong>j&rsquo;\u00e9tais avec mes deux enfants dans mon v\u00e9hicule et je\u00a0m&rsquo;appr\u00eatais \u00e0 prendre le rond-point de l&rsquo;Anglade quand soudain mon v\u00e9hicule a \u00e9t\u00e9 souffl\u00e9 par l&rsquo;explosion. Dans un premier temps, les blessures les plus lourdes ont \u00e9t\u00e9 dues \u00e0 la projection de verre. Plus tard, de gros probl\u00e8mes auditifs sont apparus pour nous trois accompagn\u00e9s de probl\u00e8mes psychologiques de longues dur\u00e9es. A ce jour, 16 ans plus tard, nos blessures sont toujours tr\u00e8s pr\u00e9sentes et nous n&rsquo;oublierons jamais ce 21 septembre 2001.<\/p>\n<p><strong>Pauline<\/strong>, dans son v\u00e9hicule \u00e0 220m du site \u00e0 vol d&rsquo;oiseau.<\/p>\n<p>Plus de 15 ans apr\u00e8s il m\u2019est encore tr\u00e8s difficile de parler de cette journ\u00e9e-l\u00e0 celle du 21 septembre, j&rsquo;ai pris mon v\u00e9hicule pour aller au march\u00e9 Tout d\u2019un coup, j\u2019ai entendu un \u00e9norme bruit puis quelques secondes apr\u00e8s, j\u2019ai vu toutes les vitres et la toiture du coll\u00e8ge que j\u2019avais sur ma droite partir en \u00e9clat et au m\u00eame moment, j\u2019ai senti ma voiture se soulever et se d\u00e9placer, je me suis retrouv\u00e9e sur la file de gauche \u00e0 cheval sur le terre-plein. Quand j\u2019ai pris l\u2019autre rue, je me retrouvais face \u00e0 AZF, j\u2019ai vu un \u00e9norme champignon jaune qui montait dans le ciel, de la cendre se r\u00e9pandait de partout et une odeur d\u2019ammoniaque excessivement forte m\u2019emp\u00eachait de respirer. Dans cette rue, j\u2019ai vu l\u2019horreur, le chaos complet, des sc\u00e8nes apocalyptiques&#8230;..<\/p>\n<p>J&rsquo;ai perdu l&rsquo;audition totale mon oreille gauche et j&rsquo;ai perdu plus de 70% de mon oreille droite ce jour l\u00e0&#8230;..<\/p>\n<p>La vie na plus le m\u00eame go\u00fbt pour moi.<\/p>\n<p><strong>Brigitte<\/strong>,\u00a0 int\u00e9rimaire \u00e0 AZF, je dois ma vie \u00e0 ma coll\u00e8gue d\u00e9c\u00e9d\u00e9e<\/p>\n<p>\u00ab\u00a0J&rsquo;ai vu \u00ab\u00a0ce nuage arriver, les vitres exploser, et puis plus rien. [&#8230;] Il y avait un sentiment d\u2019apocalypse dans le bureau: les plafonds, les cloisons \u00e9taient tomb\u00e9es, les fen\u00eatres, il n\u2019y en avait plus, les fils au plafond cr\u00e9pitaient&#8230;\u00a0\u00bb\u00a0\u00a0\u00a0\u00a0\u00a0\u00a0\u00a0\u00a0\u00a0\u00a0\u00a0 Il y a un avant et un apr\u00e8s AZF<\/p>\n<p>\u00ab\u00a0Avant AZF, j\u2019\u00e9tais une personne souriante, joviale, qui aimait beaucoup rire, qui n\u2019avait pas de probl\u00e8me de sant\u00e9. Mais apr\u00e8s AZF ? Vous avez tous les probl\u00e8mes de sant\u00e9, les maux de t\u00eate, les acouph\u00e8nes, les prises de m\u00e9dicaments, l\u2019isolement.\u00a0\u00bb<\/p>\n<p>\u00ab\u00a0Nous,\u00a0\u00a0lorsque nous mettons,\u00a0tous les matins, nos\u00a0 appareils dans les oreilles, tous les jours \u00e7a nous ram\u00e8ne \u00e0 AZF. M\u00eame si on veut oublier, on ne peut pas oublier ce que l&rsquo;on \u00a0a subi, ce que l&rsquo;on a eu, les blessures, le choc, le traumatisme.\u00a0\u00bb<\/p>\n<p>C&rsquo;est souffrir en silence&#8230;.<\/p>\n<p><strong>Armand<\/strong>, ancien salari\u00e9 d&rsquo;AZF<\/p>\n<p>\u00ab\u00a0J&rsquo;ai entendu d&rsquo;abord une premi\u00e8re d\u00e9flagration, et j&rsquo;ai dit d&rsquo;instinct: +baissez-vous+. [&#8230;] J&rsquo;ai entendu des grincements de ferraille et puis le souffle venir exploser la vitre, les morceaux de verre sont venus se planter dans les portes, sur les placos\u00a0\u00bb.<\/p>\n<p>\u00ab\u00a0J&rsquo;attends une condamnation de Grande paroisse. Le directeur pour moi, qu&rsquo;il prenne de la prison ferme, \u00e7a ne m&rsquo;int\u00e9resse pas. C&rsquo;est la condamnation de la soci\u00e9t\u00e9 qui est int\u00e9ressante, parce que c&rsquo;est en condamnant les soci\u00e9t\u00e9s qu&rsquo;on arrive \u00e0 faire changer la l\u00e9gislation sur la s\u00e9curit\u00e9.\u00a0\u00bb<\/p>\n<p><strong>Marie-Jos\u00e9<\/strong>, le 21 septembre 2001 \u00e0 10 h 17, je me trouve sur mon lieu de travail \u00e0 Purpan quand, sous mes pieds, le sol se met \u00e0 trembler, j&rsquo;entends une d\u00e9tonation, la fen\u00eatre de mon bureau s&rsquo;ouvre enti\u00e8rement et vient me percuter la t\u00eate.<\/p>\n<p>J&rsquo;aper\u00e7ois une fum\u00e9e color\u00e9e et \u00e9paisse qui arrive rapidement au dessus du b\u00e2timent. Prise de panique, je ne peux plus bouger et j&rsquo;\u00a0ai de la peine \u00e0 respirer. Afin de m&rsquo;aider \u00e0 reprendre mon souffre, je suis plac\u00e9 sous perfusion jusqu&rsquo;\u00e0 17 heures.<\/p>\n<p>Tr\u00e8s fatigu\u00e9e, ayant en plus mal aux deux oreilles, je me d\u00e9cide \u00e0 prendre ma voiture pour regagner mon appartement situ\u00e9 \u00e0 quelques m\u00e8tres d&rsquo;AZF. Plus j&rsquo;avance et plus je d\u00e9couvre un paysage apocalyptique, tout est tomb\u00e9, je ne sais plus o\u00f9 je suis. Je roule sur du verre et lance un appel aux pompiers qui me guident jusqu&rsquo;\u00e0 mon domicile compl\u00e9tement d\u00e9vast\u00e9<\/p>\n<p><strong>Anne-Marie<\/strong>, ancienne auxiliaire de vie.<\/p>\n<p>\u00ab\u00a0Je suis devenue un bloc de souffrance et de douleur. Je ne peux plus avancer.\u00a0 Ce proc\u00e8s c\u2019est pour qu\u2019ils reconnaissent leurs fautes et rendre justice \u00e0 la population toulousaine.\u00a0\u00bb<\/p>\n<p>&nbsp;<\/p>\n<hr \/>\n<h2>Et aussi : <strong>12 000 bless\u00e9s ou traumatis\u00e9s, 80 000 sinistr\u00e9s<\/strong><\/h2>\n<p>Le Service d&rsquo;aide aux victimes (SAVIM) continue, 16 ans apr\u00e8s, de suivre les dossiers li\u00e9s \u00e0 l&rsquo;explosion. Combien sont-ils ? Pour les dossiers li\u00e9s \u00e0 une expertise qui \u00e9tablit un rapport entre un pr\u00e9judice physique ou moral et l&rsquo;explosion,<strong> on a d\u00e9pass\u00e9 les 10 000 cas et on se rapproche des 12 000.<\/strong>\u00a0Quant aux sinistr\u00e9s,<strong> le nombre de dossiers atteint cette fois les 80 000.<\/strong> C&rsquo;est dire si \u00e0 Toulouse, <strong>il y a un avant et un apr\u00e8s AZF<\/strong>.<\/p>\n<h2><strong>Une ville traumatis\u00e9e<\/strong><\/h2>\n<p>Ceux qui arrivent aujourd&rsquo;hui \u00e0 Toulouse, o\u00f9 le site a \u00e9t\u00e9 totalement repens\u00e9, accueillant notamment le Canc\u00e9rop\u00f4le (il n&rsquo;y a gu\u00e8re que le crat\u00e8re et quelques \u00e9l\u00e9ments industriels sous scell\u00e9s judiciaires qui rouillent), AZF,\u00a0<strong>\u00e7a peut para\u00eetre de l&rsquo;histoire ancienne.<\/strong> Mais si on gratte un peu sous la couche du temps qui passe, on trouvera tous un ami, un voisin, un coll\u00e8gue de travail qui \u00e9tait l\u00e0 ce vendredi 21 septembre 2001.\u00a0 Il faut imaginer une grande partie de la 4\u00e8me ville de France sans dessus-dessous. Des toitures arrach\u00e9es, des vitres bris\u00e9es par milliers. Des centaines de tonnes de gravats. <strong>Mais surtout : 31 morts<\/strong>.<strong> La pire catastrophe industrielle de l&rsquo;histoire contemporaine en France.<\/strong><\/p>\n<p>&nbsp;<\/p>\n<figure id=\"attachment_237\" aria-describedby=\"caption-attachment-237\" style=\"width: 200px\" class=\"wp-caption aligncenter\"><img loading=\"lazy\" decoding=\"async\" class=\"wp-image-237 size-full\" src=\"http:\/\/www.azf-assodessinistres.org\/site\/wp-content\/uploads\/2017\/06\/images0N71SBSO.jpg\" alt=\"\" width=\"200\" height=\"120\" \/><figcaption id=\"caption-attachment-237\" class=\"wp-caption-text\">La st\u00e8le sur le site d&rsquo;Azf \u00e0 Toulouse<\/figcaption><\/figure>\n<p>&nbsp;<\/p>\n<figure id=\"attachment_246\" aria-describedby=\"caption-attachment-246\" style=\"width: 300px\" class=\"wp-caption aligncenter\"><img loading=\"lazy\" decoding=\"async\" class=\"wp-image-246 size-medium\" src=\"http:\/\/www.azf-assodessinistres.org\/site\/wp-content\/uploads\/2017\/06\/310x190_stelle-en-hommage-aux-victimes-de-la-catastrophe-du-21-septembre-2001-sur-le-site-azf-300x184.jpg\" alt=\"\" width=\"300\" height=\"184\" srcset=\"https:\/\/www.azf-assodessinistres.org\/wp-content\/uploads\/2017\/06\/310x190_stelle-en-hommage-aux-victimes-de-la-catastrophe-du-21-septembre-2001-sur-le-site-azf-300x184.jpg 300w, https:\/\/www.azf-assodessinistres.org\/wp-content\/uploads\/2017\/06\/310x190_stelle-en-hommage-aux-victimes-de-la-catastrophe-du-21-septembre-2001-sur-le-site-azf.jpg 310w\" sizes=\"auto, (max-width: 300px) 100vw, 300px\" \/><figcaption id=\"caption-attachment-246\" class=\"wp-caption-text\">Une date que Toulouse et ses victimes n&rsquo;oublieront pas<\/figcaption><\/figure>\n<h3><\/h3>\n","protected":false},"excerpt":{"rendered":"<p>Un avant et un apr\u00e8s AZF AZF, 16 ans apr\u00e8s : la m\u00e9moire intacte Le 21 septembre 2001, l&rsquo;explosion de l&rsquo;usine AZF traumatisait toute une ville. seize ann\u00e9es ont pass\u00e9,\u00a0trois proc\u00e8s\u00a0 et au-del\u00e0 du choc se pose la question de la m\u00e9moire, des souvenirs. \u00ab\u00a0Vivre avec\u00a0\u00bb : 16 ann\u00e9es de souffrance pour certaines victimes 16 &hellip; <\/p>\n<p class=\"link-more\"><a href=\"https:\/\/www.azf-assodessinistres.org\/?page_id=131\" class=\"more-link\">Continuer la lecture<span class=\"screen-reader-text\"> de &laquo;&nbsp;T\u00e9moignages&nbsp;&raquo;<\/span><\/a><\/p>\n","protected":false},"author":1,"featured_media":0,"parent":0,"menu_order":0,"comment_status":"closed","ping_status":"closed","template":"","meta":{"footnotes":""},"class_list":["post-131","page","type-page","status-publish","hentry"],"_links":{"self":[{"href":"https:\/\/www.azf-assodessinistres.org\/index.php?rest_route=\/wp\/v2\/pages\/131","targetHints":{"allow":["GET"]}}],"collection":[{"href":"https:\/\/www.azf-assodessinistres.org\/index.php?rest_route=\/wp\/v2\/pages"}],"about":[{"href":"https:\/\/www.azf-assodessinistres.org\/index.php?rest_route=\/wp\/v2\/types\/page"}],"author":[{"embeddable":true,"href":"https:\/\/www.azf-assodessinistres.org\/index.php?rest_route=\/wp\/v2\/users\/1"}],"replies":[{"embeddable":true,"href":"https:\/\/www.azf-assodessinistres.org\/index.php?rest_route=%2Fwp%2Fv2%2Fcomments&post=131"}],"version-history":[{"count":17,"href":"https:\/\/www.azf-assodessinistres.org\/index.php?rest_route=\/wp\/v2\/pages\/131\/revisions"}],"predecessor-version":[{"id":609,"href":"https:\/\/www.azf-assodessinistres.org\/index.php?rest_route=\/wp\/v2\/pages\/131\/revisions\/609"}],"wp:attachment":[{"href":"https:\/\/www.azf-assodessinistres.org\/index.php?rest_route=%2Fwp%2Fv2%2Fmedia&parent=131"}],"curies":[{"name":"wp","href":"https:\/\/api.w.org\/{rel}","templated":true}]}}